o?
1
Suppose 3*l + 3 = -6, -4*n + 3*l = -25. Let x = n - -11. What is the units digit of x?
5
Suppose 540 = 4*h - 2*o - 0*o, 4*o + 548 = 4*h. What is the tens digit of h?
3
Let s(b) = 8*b**2 - 4. What is the tens digit of s(-5)?
9
Let s = -10 - -2. What is the tens digit of (-4)/s - 57/(-2)?
2
Let q = -26 - 35. Let d = q + 103. What is the tens digit of d?
4
Let t(m) = 6*m + 0*m**2 + 2*m**2 - 3 - m**2 - 2*m**2. Let v be t(5). Suppose -w = -2*i, 0 = -0*i - v*i + 4. What is the units digit of w?
4
What is the tens digit of (51/(-12) + 1)*-8?
2
Let b be ((-6)/(-9))/((-2)/(-63)). Let p = 53 - b. What is the units digit of p?
2
Let o = 0 + -1. What is the tens digit of o/4 - 90/(-8)?
1
Let p(v) = 3*v. Let y be p(1). Suppose 2*a - y*a = -12. What is the units digit of a?
2
Suppose -2*x - 4*o - 2 = -o, 3*x + 4*o + 1 = 0. Suppose -y + 11 = x*c, 2*y - 9 = 3*c - 0*c. What is the units digit of y?
6
Let j be (4/6)/(22/33). Suppose -3*a - 18 = -6*a. Let x = a + j. What is the units digit of x?
7
Let v(d) = -d**3 - 6*d**2 - d - 3. Suppose -3*q = -k - 2*q - 6, -q + 12 = -2*k. What is the units digit of v(k)?
3
Let n(a) = -a**2 + a + 1. Let q(f) = -3*f - 3 - f**2 - 3*f + 5*f**2. Let r(d) = 5*n(d) + q(d). What is the units digit of r(0)?
2
Suppose 4*r + 2*v = -0*v + 510, 4*v + 260 = 2*r. What is the tens digit of r?
2
Let x(g) = 4*g - 3 - 1 + 3*g**2 - g**3 + 2*g. Suppose -2*d - 3*c + 2 = 0, -3*d + 4*c + 20 = -0*d. What is the units digit of x(d)?
4
Let x(g) = -2*g - 3. Let y be x(-3). Let z = y + 9. Let d = z - 7. What is the units digit of d?
5
Suppose -j - 4 = -2*o, 5*o = 2 + 18. Suppose -5 = -3*f + j. Suppose l + f = 3*t, t = 2*l + 4*t - 21. What is the units digit of l?
6
Let v(k) = k**2 + 2*k + 8 - 11 + 1. What is the units digit of v(1)?
1
Suppose 4*d + 17 = -y, -2*y = 4*d + 5 + 9. What is the units digit of y?
3
Let u be 6/(-15) - 64/(-10). Suppose 62 = 2*g - 5*l, -2*l = -3*g - u*l + 47. What is the units digit of g?
1
Suppose 0 = -s - 5*d + 15, 0*d + 14 = 4*s - 3*d. Suppose -1 - s = -3*l. What is the units digit of l?
2
Let j = -4 + 5. Suppose 64 = 3*s + j. What is the units digit of s?
1
Let q be 3*1 + -14 + 0. Let p = 13 + q. What is the units digit of p?
2
Let j(k) = k**2 - 26*k + 50. Let f be j(24). Suppose -3*z = 2 + 1. What is the units digit of ((-85)/10)/(z/f)?
7
Let y = 809 - 547. What is the units digit of y?
2
What is the units digit of (-458)/(-22) + (-6)/(-33)?
1
Let c be 4/3*30/(-4). Let b = -3 - c. What is the units digit of b?
7
Suppose -3 = -3*o, o + 638 = 10*r - 7*r. What is the hundreds digit of r?
2
Let v(f) = 4*f**2. Let q be v(-1). Suppose 5*u = q*m + 6, -m = -u + 6*u - 11. What is the units digit of u?
2
Let y(h) = h**3 + 4*h**2 + h. Let r be y(-3). What is the units digit of (-4)/r*3 + 10?
8
Suppose -2*n = -4*g + 50, 0*n - 42 = 2*n + 4*g. Let k be (8/6)/((-4)/42). Let f = k - n. What is the units digit of f?
9
Let k = 2 + 3. Suppose 0*c + 2*c - l - 7 = 0, 3*c - 3 = -l. Suppose -k*u = 5*s + 8 + 2, 5*u - c = -2*s. What is the units digit of u?
2
Suppose -p + 4*u = -6*p + 695, -400 = -3*p + u. What is the units digit of p?
5
Suppose 4 = 5*k + 3*a, -4*a - 10 = -4*k + 6. Suppose -3*r + 29 = 3*g - 2*g, g = -k*r + 33. What is the tens digit of g?
4
Let t(y) = y**3 - 4*y**2 + 5*y - 2. Let i be t(3). Suppose -i*r = -r - 45. What is the tens digit of r?
1
Let n be ((-6)/(-8))/(2/16). Let u(s) = s**2 + 2*s - 4. Let h be u(-4). Suppose f + 4*f = c + n, -h*c + 10 = -3*f. What is the units digit of f?
2
Suppose 26 = -4*k + 6. What is the units digit of (-34)/(-10) - (-2)/k?
3
Suppose -4*s + 220 + 52 = 0. What is the tens digit of s?
6
Let p = 17 + -20. What is the tens digit of (24/3 - p) + 1?
1
Let i = -21 + 31. Suppose -15*p = -i*p - 30. What is the units digit of p?
6
Suppose -6*q = -2*q - 4*g - 52, -4*q = 4*g - 12. Suppose -3*f + q = -25. What is the tens digit of f?
1
Let q(k) = 20*k**2 + 13*k - 7. What is the units digit of q(-4)?
1
Let y(n) = -30*n + 19. Let o(g) = -15*g + 10. Let u(x) = -7*o(x) + 3*y(x). What is the tens digit of u(4)?
4
Suppose -2*i = -4*i + 8. Suppose i*k + 16 = 2*o - 32, -o - 3*k = -39. What is the units digit of o?
0
Let u = -2 - -2. Suppose 2*l - 14 + 44 = u. Let a = l - -26. What is the units digit of a?
1
Let f = 365 + -242. What is the units digit of f?
3
Suppose -4*j + 6 + 18 = 0. Let a be 30/j + (-4 - -1). Suppose a*b - o + 4*o = 19, -2*o - 44 = -2*b. What is the units digit of b?
7
Suppose -5*a - 43 = -5*f + 42, 5*f - 78 = -2*a. Let b = -4 + f. What is the units digit of b?
2
Let f = -1 + 1. Suppose -5*g + 71 = -f*g - z, -2*g + z + 26 = 0. Suppose 5*a - 15 = g. What is the units digit of a?
6
Suppose -10*y - 30 = -7*y. Let t(u) = -2*u + 1. What is the units digit of t(y)?
1
Suppose 0 = -2*g + 4*f - 20, g + f = 5*g + 12. Let v(p) = -p**3 - 2*p - 2. What is the units digit of v(g)?
0
Let j = -95 + 203. Suppose 3*p - j = -0*p. What is the units digit of p?
6
Let o = -26 - -61. Suppose 5*w = 100 - o. Let t = w + -1. What is the tens digit of t?
1
Let n = 11 + -7. Suppose 0*w + 40 = g + w, n*g = 5*w + 196. What is the units digit of g?
4
Let d = 248 - 169. What is the units digit of d?
9
Let f(d) = d**3 - 6*d**2 + 6*d + 1. Let k be f(5). Suppose b - k*b = -55. What is the units digit of b?
1
Suppose -65 = -6*u + 163. Let d = u + -25. What is the units digit of d?
3
Suppose 0 = -4*v + 3*c + 18, -5*c - 4 = -3*c. Suppose 0 = v*x + 4*u - 26, 5*x - 2*x = 3*u - 9. What is the units digit of x/7 - (-26)/7?
4
Suppose 5*t = -1159 - 381. Let k be (-2)/(-10) + t/(-35). Let y(j) = -j**2 + 11*j - 4. What is the tens digit of y(k)?
1
Let r = 169 - 116. What is the units digit of r?
3
Let h be 5/((-2)/((-6)/3)). Let s = h + -11. What is the tens digit of 31/3 + s/(-9)?
1
Let s(g) = -2*g + 3. Let f be s(-6). Suppose 0 = 2*j + 3*j - f. What is the units digit of j?
3
Let j(v) = -3*v**3 + v**2 + 2*v - 3. Let s(g) = 2*g**3 - g**2 - g + 2. Let o(t) = -3*j(t) - 4*s(t). Let b be o(-3). What is the units digit of (-3 + b/(-3))*30?
0
Let n(m) = -2*m - 9. Let t be n(-6). What is the units digit of t - (-18 - (-4 + 1))?
8
Suppose -10 = -2*z - 4*g, -2*z + 3*g + 0 = -17. Let v(o) be the third derivative of o**4/12 - 7*o**3/6 - 3*o**2. What is the units digit of v(z)?
7
Suppose 4*f + 24 = -4*n, 3*f = 2*f + 1. What is the units digit of (-8)/28 - 65/n?
9
Let r(z) = z**2 + 7*z + 4. Let g be r(-7). Suppose g*p = -p + 75. What is the tens digit of p?
1
Let g(x) = x**2 + x + 17. Let t = 1 - 1. What is the units digit of g(t)?
7
Suppose 0*d = -d - 8. Let c(v) = v**3 + 8*v**2 - v + 5. What is the units digit of c(d)?
3
Let w(q) = 4*q - 4. Let c be w(3). Suppose b - c = 13. What is the tens digit of b?
2
Suppose 1608 = 6*k - 114. What is the tens digit of k?
8
Suppose u + 3*r = 168, 3*u - r - 107 = 367. What is the units digit of u?
9
Suppose 171 + 701 = 4*h. Suppose h = -4*n - 122. What is the units digit of n/(-10) + (-1)/(-2)?
9
Let r(a) = -a**2 + 12*a + 5. What is the units digit of r(12)?
5
Let i(j) = -j**3 - j + 17. Let s be (-3)/18*-3*0. What is the units digit of i(s)?
7
Let o(k) = -k**3 + 9*k**2 - 9*k + 12. Let c be o(8). Suppose q + 0*q - 11 = -3*g, -c*q - 11 = g. What is the units digit of g?
5
Suppose 8*f = 4*f. Suppose -2*z = 5*p - 43, -2*z + p + 0*p + 49 = f. Let j = -14 + z. What is the units digit of j?
0
Suppose -i - 8 + 51 = 0. What is the tens digit of i?
4
Suppose -3*x + 0 = -60. What is the units digit of x?
0
Let g = -12 - -17. Suppose z + 4*z - 15 = -d, 3*d - 5 = g*z. What is the units digit of d?
5
Let t(n) = -n**2 - 12*n - 8. Let a be t(-8). Suppose -4*j + 65 = -3*b, -4*b - 16 = 4*j + a. Let h = -6 - b. What is the units digit of h?
9
Suppose 0 = -2*z - 0*z - 3*r + 27, 5*z - 4*r = 10. Suppose 4*c + z - 34 = 0. What is the units digit of c?
7
Let t(f) = -f**3 - 9*f**2 - 2*f + 8. Let h be t(-6). Let s = 129 + h. What is the tens digit of s?
4
Suppose 3 + 3 = -2*i. Let u = 22 - i. What is the units digit of u?
5
Let h be 1*(5 - (-2)/(-2)). Let z be (-1)/(-5) + 117/15. Suppose 0 = 4*t + 2*s - h*s - z, 0 = -2*t - 4*s - 6. What is the units digit of t?
1
Let a be (-7)/28 + 26/8. Suppose 0 = 5*c + 6*f - a*f - 64, 2*c - 34 = 3*f. What is the tens digit of c?
1
Let d(j) = 12*j - 1 - 3 - 2*j**2 + j**2. What is the tens digit of